{"id":23,"date":"2016-06-06T23:27:18","date_gmt":"2016-06-06T22:27:18","guid":{"rendered":"http:\/\/ususi.vrankova-devel.cz\/subdom\/ususi\/?page_id=23"},"modified":"2022-10-24T08:26:05","modified_gmt":"2022-10-24T07:26:05","slug":"zastupitelstvo","status":"publish","type":"page","link":"https:\/\/ususi.vrankova-devel.cz\/subdom\/ususi\/zastupitelstvo\/","title":{"rendered":"Zastupitelstvo obce \u00dasu\u0161\u00ed"},"content":{"rendered":"<h2>Slo\u017een\u00ed zastupitelstva<\/h2>\n<ul>\n<li>starosta: Ing. Marek Vrt\u011bl<\/li>\n<li>m\u00edstostarosta: Zden\u011bk Medek<\/li>\n<li>zastupitel\u00e9: Jaroslava Mi\u010d\u00e1nkov\u00e1, Ing. Hana Odehnalov\u00e1, Ing. Radek Slez\u00e1k, Franti\u0161ek Sojka, Ji\u0159\u00ed Zav\u0159el<\/li>\n<\/ul>\n<h2>Finan\u010dn\u00ed v\u00fdbor<\/h2>\n<ul>\n<li>p\u0159edseda: Ing. Radek Slez\u00e1k<\/li>\n<li>\u010dlen: Jaroslava Mi\u010d\u00e1nkov\u00e1, Ji\u0159\u00ed Zav\u0159el<\/li>\n<\/ul>\n<h2>Kontroln\u00ed v\u00fdbor<\/h2>\n<ul>\n<li>p\u0159edseda: Ji\u0159\u00ed Zav\u0159el<\/li>\n<li>\u010dlen: Ing. Radek Slez\u00e1k, Franti\u0161ek Sojka<\/li>\n<\/ul>\n","protected":false},"excerpt":{"rendered":"<p>Slo\u017een\u00ed zastupitelstva starosta: Ing. Marek Vrt\u011bl m\u00edstostarosta: Zden\u011bk Medek zastupitel\u00e9: Jaroslava Mi\u010d\u00e1nkov\u00e1, Ing. Hana Odehnalov\u00e1, Ing. Radek Slez\u00e1k, Franti\u0161ek Sojka, Ji\u0159\u00ed Zav\u0159el Finan\u010dn\u00ed v\u00fdbor p\u0159edseda: Ing. Radek Slez\u00e1k \u010dlen: Jaroslava Mi\u010d\u00e1nkov\u00e1, Ji\u0159\u00ed Zav\u0159el Kontroln\u00ed v\u00fdbor p\u0159edseda: Ji\u0159\u00ed Zav\u0159el \u010dlen: Ing.<a class=\"read-more\" href=\"https:\/\/ususi.vrankova-devel.cz\/subdom\/ususi\/zastupitelstvo\/\">&#8230;&nbsp;\u010d\u00edst v\u00edce<\/a><\/p>\n","protected":false},"author":1,"featured_media":0,"parent":0,"menu_order":0,"comment_status":"closed","ping_status":"closed","template":"","meta":{"footnotes":""},"class_list":["post-23","page","type-page","status-publish","hentry"],"_links":{"self":[{"href":"https:\/\/ususi.vrankova-devel.cz\/subdom\/ususi\/wp-json\/wp\/v2\/pages\/23"}],"collection":[{"href":"https:\/\/ususi.vrankova-devel.cz\/subdom\/ususi\/wp-json\/wp\/v2\/pages"}],"about":[{"href":"https:\/\/ususi.vrankova-devel.cz\/subdom\/ususi\/wp-json\/wp\/v2\/types\/page"}],"author":[{"embeddable":true,"href":"https:\/\/ususi.vrankova-devel.cz\/subdom\/ususi\/wp-json\/wp\/v2\/users\/1"}],"replies":[{"embeddable":true,"href":"https:\/\/ususi.vrankova-devel.cz\/subdom\/ususi\/wp-json\/wp\/v2\/comments?post=23"}],"version-history":[{"count":6,"href":"https:\/\/ususi.vrankova-devel.cz\/subdom\/ususi\/wp-json\/wp\/v2\/pages\/23\/revisions"}],"predecessor-version":[{"id":1792,"href":"https:\/\/ususi.vrankova-devel.cz\/subdom\/ususi\/wp-json\/wp\/v2\/pages\/23\/revisions\/1792"}],"wp:attachment":[{"href":"https:\/\/ususi.vrankova-devel.cz\/subdom\/ususi\/wp-json\/wp\/v2\/media?parent=23"}],"curies":[{"name":"wp","href":"https:\/\/api.w.org\/{rel}","templated":true}]}}